{"id":518,"date":"2023-04-05T12:52:23","date_gmt":"2023-04-05T09:52:23","guid":{"rendered":"http:\/\/kansanmusiikki-instituutti.fi\/tallari\/?p=518"},"modified":"2023-08-16T12:12:59","modified_gmt":"2023-08-16T09:12:59","slug":"tallari-2","status":"publish","type":"project","link":"https:\/\/www.tallari.net\/en\/project\/tallari-2\/","title":{"rendered":"Tallari"},"content":{"rendered":"<p>From the cradle of folk music, Kaustinen, the folk music ensemble Tallari has maintained the flame of Finnish root music for 30 years, one foot deep in tradition and the other firmly in the present, bringing the treasures of archives to life and creating something new. In 2019 Katri Haukilahti and Sampo Korva were joined in Tallari by Arto J\u00e4rvel\u00e4 and Esko J\u00e4rvel\u00e4, both of whom are among the best-known Finnish folk musicians today.<\/p>\n<p>Tallarin jatkuvasti uudistuva ja tilanteen mukaan taipuva peruskonserttiohjelma kattaa laajasti kotimaista kansanmusiikkia painottuen l\u00e4nsisuomalaiseen viuluvetoiseen traditioon, sis\u00e4lt\u00e4\u00e4 kaustislaisen perinteen ikivihreit\u00e4, yhtyeen omia klassikoita ja uusia s\u00e4vellyksi\u00e4. Ohjelmaan sis\u00e4ltyy sek\u00e4 instrumentaalimusiikkia ett\u00e4 laulettuja kappaleita. Aina kun mahdollista Tallari vie kuulijat heid\u00e4n omille juurilleen esittelem\u00e4ll\u00e4 my\u00f6s l\u00f6yt\u00f6j\u00e4 kulloisenkin esiintymisalueen kansansoittajilta.<\/p>\n<p><strong>Tallari \u2013 Markkinamarssi <\/strong><\/p>\n<p><iframe loading=\"lazy\" src=\"https:\/\/www.youtube.com\/embed\/-ZtDj2M8Pbw\" width=\"806\" height=\"453\" frameborder=\"0\" allowfullscreen=\"allowfullscreen\"><\/iframe><\/p>","protected":false},"excerpt":{"rendered":"<p>Pelimannimusiikin kehdosta Kaustiselta k\u00e4sin kansanmusiikkiyhtye Tallari on jo 30 vuotta pit\u00e4nyt yll\u00e4 suomalaisen juurimusiikin liekki\u00e4 toinen jalka syv\u00e4ll\u00e4 perinteess\u00e4 ja toinen tiukasti nykyhetkess\u00e4, sytytt\u00e4en arkistojen aarteet eloon ja luoden uutta. Vuonna 2019 yhtyeeseen Katri Haukilahden ja Sampo Korvan rinnalle liittyiv\u00e4t t\u00e4m\u00e4n hetken tunnetuimpiin suomalaisiin kansan\u00admuusikoihin lukeutuvat Arto J\u00e4rvel\u00e4 ja Esko J\u00e4rvel\u00e4. Tallarin jatkuvasti uudistuva ja [&hellip;]<\/p>\n","protected":false},"author":1,"featured_media":682,"comment_status":"closed","ping_status":"closed","template":"","meta":{"_et_pb_use_builder":"","_et_pb_old_content":"","_et_gb_content_width":"","footnotes":""},"project_category":[13],"project_tag":[],"class_list":["post-518","project","type-project","status-publish","has-post-thumbnail","hentry","project_category-ohjelmisto"],"_links":{"self":[{"href":"https:\/\/www.tallari.net\/en\/wp-json\/wp\/v2\/project\/518","targetHints":{"allow":["GET"]}}],"collection":[{"href":"https:\/\/www.tallari.net\/en\/wp-json\/wp\/v2\/project"}],"about":[{"href":"https:\/\/www.tallari.net\/en\/wp-json\/wp\/v2\/types\/project"}],"author":[{"embeddable":true,"href":"https:\/\/www.tallari.net\/en\/wp-json\/wp\/v2\/users\/1"}],"replies":[{"embeddable":true,"href":"https:\/\/www.tallari.net\/en\/wp-json\/wp\/v2\/comments?post=518"}],"version-history":[{"count":3,"href":"https:\/\/www.tallari.net\/en\/wp-json\/wp\/v2\/project\/518\/revisions"}],"predecessor-version":[{"id":1390,"href":"https:\/\/www.tallari.net\/en\/wp-json\/wp\/v2\/project\/518\/revisions\/1390"}],"wp:featuredmedia":[{"embeddable":true,"href":"https:\/\/www.tallari.net\/en\/wp-json\/wp\/v2\/media\/682"}],"wp:attachment":[{"href":"https:\/\/www.tallari.net\/en\/wp-json\/wp\/v2\/media?parent=518"}],"wp:term":[{"taxonomy":"project_category","embeddable":true,"href":"https:\/\/www.tallari.net\/en\/wp-json\/wp\/v2\/project_category?post=518"},{"taxonomy":"project_tag","embeddable":true,"href":"https:\/\/www.tallari.net\/en\/wp-json\/wp\/v2\/project_tag?post=518"}],"curies":[{"name":"wp","href":"https:\/\/api.w.org\/{rel}","templated":true}]}}

<p>From the cradle of folk music, Kaustinen, the folk music ensemble Tallari has maintained the flame of Finnish root music for 30 years, one foot deep in tradition and the other firmly in the present, bringing the treasures of archives to life and creating something new. In 2019 Katri Haukilahti and Sampo Korva were joined in Tallari by Arto Järvelä and Esko Järvelä, both of whom are among the best-known Finnish folk musicians today.</p>
<p>Tallarin jatkuvasti uudistuva ja tilanteen mukaan taipuva peruskonserttiohjelma kattaa laajasti kotimaista kansanmusiikkia painottuen länsisuomalaiseen viuluvetoiseen traditioon, sisältää kaustislaisen perinteen ikivihreitä, yhtyeen omia klassikoita ja uusia sävellyksiä. Ohjelmaan sisältyy sekä instrumentaalimusiikkia että laulettuja kappaleita. Aina kun mahdollista Tallari vie kuulijat heidän omille juurilleen esittelemällä myös löytöjä kulloisenkin esiintymisalueen kansansoittajilta.</p>
<p><strong>Tallari – Markkinamarssi </strong></p>
<p><iframe loading="lazy" src="https://www.youtube.com/embed/-ZtDj2M8Pbw" width="806" height="453" frameborder="0" allowfullscreen="allowfullscreen"></iframe></p>

<p>Pelimannimusiikin kehdosta Kaustiselta käsin kansanmusiikkiyhtye Tallari on jo 30 vuotta pitänyt yllä suomalaisen juurimusiikin liekkiä toinen jalka syvällä perinteessä ja toinen tiukasti nykyhetkessä, sytyttäen arkistojen aarteet eloon ja luoden uutta. Vuonna 2019 yhtyeeseen Katri Haukilahden ja Sampo Korvan rinnalle liittyivät tämän hetken tunnetuimpiin suomalaisiin kansan­muusikoihin lukeutuvat Arto Järvelä ja Esko Järvelä. Tallarin jatkuvasti uudistuva ja [&hellip;]</p>
